{"id":11,"date":"2023-08-07T10:21:03","date_gmt":"2023-08-07T08:21:03","guid":{"rendered":"https:\/\/www.sumavskyfotograf.cz\/?page_id=11"},"modified":"2023-08-09T11:39:36","modified_gmt":"2023-08-09T09:39:36","slug":"portofolio","status":"publish","type":"page","link":"https:\/\/www.sumavskyfotograf.cz\/index.php\/portofolio\/","title":{"rendered":"Svatby"},"content":{"rendered":"\n<figure class=\"wp-block-image alignfull\"><img loading=\"lazy\" decoding=\"async\" width=\"2560\" height=\"1706\" src=\"https:\/\/www.sumavskyfotograf.cz\/wp-content\/uploads\/2023\/08\/129-001-mg-1687-edit-stredni-1-scaled.jpg\" alt=\"\" class=\"wp-image-37\" srcset=\"https:\/\/www.sumavskyfotograf.cz\/wp-content\/uploads\/2023\/08\/129-001-mg-1687-edit-stredni-1-scaled.jpg 2560w, https:\/\/www.sumavskyfotograf.cz\/wp-content\/uploads\/2023\/08\/129-001-mg-1687-edit-stredni-1-300x200.jpg 300w, https:\/\/www.sumavskyfotograf.cz\/wp-content\/uploads\/2023\/08\/129-001-mg-1687-edit-stredni-1-1024x683.jpg 1024w, https:\/\/www.sumavskyfotograf.cz\/wp-content\/uploads\/2023\/08\/129-001-mg-1687-edit-stredni-1-768x512.jpg 768w, https:\/\/www.sumavskyfotograf.cz\/wp-content\/uploads\/2023\/08\/129-001-mg-1687-edit-stredni-1-1536x1024.jpg 1536w, https:\/\/www.sumavskyfotograf.cz\/wp-content\/uploads\/2023\/08\/129-001-mg-1687-edit-stredni-1-2048x1365.jpg 2048w, https:\/\/www.sumavskyfotograf.cz\/wp-content\/uploads\/2023\/08\/129-001-mg-1687-edit-stredni-1-930x620.jpg 930w\" sizes=\"auto, (max-width: 2560px) 100vw, 2560px\" \/><\/figure>\n\n\n\n<div class=\"wp-block-cover alignfull\" style=\"min-height:600px;aspect-ratio:unset;\"><span aria-hidden=\"true\" class=\"wp-block-cover__background has-nv-light-bg-background-color has-background-dim-100 has-background-dim\"><\/span><div class=\"wp-block-cover__inner-container is-layout-flow wp-block-cover-is-layout-flow\">\n<div class=\"wp-block-group\"><div class=\"wp-block-group__inner-container is-layout-flow wp-block-group-is-layout-flow\">\n<div style=\"height:40px\" aria-hidden=\"true\" class=\"wp-block-spacer\"><\/div>\n\n\n\n<div class=\"wp-block-columns are-vertically-aligned-top is-layout-flex wp-container-core-columns-is-layout-9d6595d7 wp-block-columns-is-layout-flex\">\n<div class=\"wp-block-column is-vertically-aligned-top has-nv-light-bg-background-color has-background is-layout-flow wp-block-column-is-layout-flow\" style=\"flex-basis:50%\">\n<h3 class=\"wp-block-heading has-text-align-center has-neve-text-color-color has-nv-site-bg-background-color has-text-color has-background has-medium-font-size\">A &#8211; ob\u0159ad<\/h3>\n\n\n\n<p class=\"has-text-align-center has-nv-dark-bg-color has-nv-site-bg-background-color has-text-color has-background has-medium-font-size\">ob\u0159ad<br>gratulace a skupinky<br>portr\u00e9ty novoman\u017eel\u016f<br><br>\u010das focen\u00ed cca<strong>&nbsp;2-3&nbsp;hodiny<\/strong><br><br>5000,- K\u010d<\/p>\n\n\n\n<div style=\"height:24px\" aria-hidden=\"true\" class=\"wp-block-spacer\"><\/div>\n<\/div>\n\n\n\n<div class=\"wp-block-column is-vertically-aligned-top has-nv-light-bg-background-color has-background is-layout-flow wp-block-column-is-layout-flow\" style=\"flex-basis:50%\">\n<h3 class=\"wp-block-heading has-text-align-center has-neve-text-color-color has-nv-site-bg-background-color has-text-color has-background has-medium-font-size\">B &#8211; ob\u0159ad a hostina <\/h3>\n\n\n\n<p class=\"has-text-align-center has-nv-dark-bg-color has-nv-site-bg-background-color has-text-color has-background has-medium-font-size\">ob\u0159ad<br>gratulace a skupinky<br>portr\u00e9ty novoman\u017eel\u016f<br>hostina a kr\u00e1jen\u00ed dortu<br>prvn\u00ed svatebn\u00ed tanec<br>tanec s rodi\u010di<br>momentky z hostiny<br><br>\u010das focen\u00ed cca<strong>&nbsp;5-6&nbsp;hodin<\/strong><br><br>10000,- K\u010d<\/p>\n\n\n\n<div style=\"height:24px\" aria-hidden=\"true\" class=\"wp-block-spacer\"><\/div>\n<\/div>\n\n\n\n<div class=\"wp-block-column is-vertically-aligned-top has-nv-light-bg-background-color has-background is-layout-flow wp-block-column-is-layout-flow\" style=\"flex-basis:50%\">\n<h3 class=\"wp-block-heading has-text-align-center has-neve-text-color-color has-nv-site-bg-background-color has-text-color has-background has-medium-font-size\">C &#8211; cel\u00fd den<\/h3>\n\n\n\n<p class=\"has-text-align-center has-nv-dark-bg-color has-nv-site-bg-background-color has-text-color has-background has-medium-font-size\">rann\u00ed p\u0159\u00edpravy (vlasy, l\u00ed\u010den\u00ed, obl\u00e9k\u00e1n\u00ed, p\u0159\u00edjezd rodiny)<br>rodi\u010dovsk\u00e9 po\u017eehn\u00e1n\u00ed<br>ob\u0159ad<br>gratulace a skupinky<br>portr\u00e9ty novoman\u017eel\u016f<br>hostina a kr\u00e1jen\u00ed dortu<br>prvn\u00ed tanec<br>tanec s rodi\u010di<br>momentky z hostiny<br>svatebn\u00ed tombola<br>momentky z party<br><br>\u010das focen\u00ed cca<strong>&nbsp;12+&nbsp;hodin<\/strong><br><br>15000,- K\u010d<\/p>\n\n\n\n<div style=\"height:24px\" aria-hidden=\"true\" class=\"wp-block-spacer\"><\/div>\n<\/div>\n<\/div>\n\n\n\n<p class=\"has-text-align-center has-nv-dark-bg-color has-text-color has-medium-font-size\">Ke v\u0161em bal\u00ed\u010dk\u016fm jsou 3 varianty upraven\u00fdch fotografi\u00ed:&nbsp;pln\u00e9 rozli\u0161en\u00ed, st\u0159edn\u00ed kvalita pro tisk,&nbsp;zmen\u0161en\u00e9 pro soci\u00e1ln\u00ed s\u00edt\u011b.<\/p>\n<\/div><\/div>\n<\/div><\/div>\n\n\n\n<div class=\"wp-block-cover aligncenter\" style=\"min-height:600px;aspect-ratio:unset;\"><span aria-hidden=\"true\" class=\"wp-block-cover__background has-nv-site-bg-background-color has-background-dim-100 has-background-dim\"><\/span><div class=\"wp-block-cover__inner-container is-layout-flow wp-block-cover-is-layout-flow\">\n<div class=\"wp-block-group\"><div class=\"wp-block-group__inner-container is-layout-flow wp-block-group-is-layout-flow\">\n<div style=\"height:40px\" aria-hidden=\"true\" class=\"wp-block-spacer\"><\/div>\n<\/div><\/div>\n\n\n\n<figure class=\"wp-block-gallery has-nested-images columns-default is-cropped wp-block-gallery-1 is-layout-flex wp-block-gallery-is-layout-flex\">\n<figure class=\"wp-block-image size-large\"><img loading=\"lazy\" decoding=\"async\" width=\"683\" height=\"1024\" data-id=\"84\" src=\"https:\/\/www.sumavskyfotograf.cz\/wp-content\/uploads\/2023\/08\/001-mg-3255-edit-stredni-683x1024.jpg\" alt=\"\" class=\"wp-image-84\" srcset=\"https:\/\/www.sumavskyfotograf.cz\/wp-content\/uploads\/2023\/08\/001-mg-3255-edit-stredni-683x1024.jpg 683w, https:\/\/www.sumavskyfotograf.cz\/wp-content\/uploads\/2023\/08\/001-mg-3255-edit-stredni-200x300.jpg 200w, https:\/\/www.sumavskyfotograf.cz\/wp-content\/uploads\/2023\/08\/001-mg-3255-edit-stredni-768x1152.jpg 768w, https:\/\/www.sumavskyfotograf.cz\/wp-content\/uploads\/2023\/08\/001-mg-3255-edit-stredni-1024x1536.jpg 1024w, https:\/\/www.sumavskyfotograf.cz\/wp-content\/uploads\/2023\/08\/001-mg-3255-edit-stredni-1365x2048.jpg 1365w, https:\/\/www.sumavskyfotograf.cz\/wp-content\/uploads\/2023\/08\/001-mg-3255-edit-stredni-scaled.jpg 1706w\" sizes=\"auto, (max-width: 683px) 100vw, 683px\" \/><\/figure>\n\n\n\n<figure class=\"wp-block-image size-large\"><img loading=\"lazy\" decoding=\"async\" width=\"1024\" height=\"683\" data-id=\"85\" src=\"https:\/\/www.sumavskyfotograf.cz\/wp-content\/uploads\/2023\/08\/001-mg-3104-edit-stredni-1024x683.jpg\" alt=\"\" class=\"wp-image-85\" srcset=\"https:\/\/www.sumavskyfotograf.cz\/wp-content\/uploads\/2023\/08\/001-mg-3104-edit-stredni-1024x683.jpg 1024w, https:\/\/www.sumavskyfotograf.cz\/wp-content\/uploads\/2023\/08\/001-mg-3104-edit-stredni-300x200.jpg 300w, https:\/\/www.sumavskyfotograf.cz\/wp-content\/uploads\/2023\/08\/001-mg-3104-edit-stredni-768x512.jpg 768w, https:\/\/www.sumavskyfotograf.cz\/wp-content\/uploads\/2023\/08\/001-mg-3104-edit-stredni-1536x1024.jpg 1536w, https:\/\/www.sumavskyfotograf.cz\/wp-content\/uploads\/2023\/08\/001-mg-3104-edit-stredni-2048x1365.jpg 2048w, https:\/\/www.sumavskyfotograf.cz\/wp-content\/uploads\/2023\/08\/001-mg-3104-edit-stredni-930x620.jpg 930w\" sizes=\"auto, (max-width: 1024px) 100vw, 1024px\" \/><\/figure>\n\n\n\n<figure class=\"wp-block-image size-large\"><img loading=\"lazy\" decoding=\"async\" width=\"683\" height=\"1024\" data-id=\"86\" src=\"https:\/\/www.sumavskyfotograf.cz\/wp-content\/uploads\/2023\/08\/001hw5t5584-edit-stredni-683x1024.jpg\" alt=\"\" class=\"wp-image-86\" srcset=\"https:\/\/www.sumavskyfotograf.cz\/wp-content\/uploads\/2023\/08\/001hw5t5584-edit-stredni-683x1024.jpg 683w, https:\/\/www.sumavskyfotograf.cz\/wp-content\/uploads\/2023\/08\/001hw5t5584-edit-stredni-200x300.jpg 200w, https:\/\/www.sumavskyfotograf.cz\/wp-content\/uploads\/2023\/08\/001hw5t5584-edit-stredni-768x1152.jpg 768w, https:\/\/www.sumavskyfotograf.cz\/wp-content\/uploads\/2023\/08\/001hw5t5584-edit-stredni-1024x1536.jpg 1024w, https:\/\/www.sumavskyfotograf.cz\/wp-content\/uploads\/2023\/08\/001hw5t5584-edit-stredni-1365x2048.jpg 1365w, https:\/\/www.sumavskyfotograf.cz\/wp-content\/uploads\/2023\/08\/001hw5t5584-edit-stredni-scaled.jpg 1706w\" sizes=\"auto, (max-width: 683px) 100vw, 683px\" \/><\/figure>\n\n\n\n<figure class=\"wp-block-image size-large\"><img loading=\"lazy\" decoding=\"async\" width=\"1024\" height=\"683\" data-id=\"88\" src=\"https:\/\/www.sumavskyfotograf.cz\/wp-content\/uploads\/2023\/08\/001-mg-2657-stredni-1024x683.jpg\" alt=\"\" class=\"wp-image-88\" srcset=\"https:\/\/www.sumavskyfotograf.cz\/wp-content\/uploads\/2023\/08\/001-mg-2657-stredni-1024x683.jpg 1024w, https:\/\/www.sumavskyfotograf.cz\/wp-content\/uploads\/2023\/08\/001-mg-2657-stredni-300x200.jpg 300w, https:\/\/www.sumavskyfotograf.cz\/wp-content\/uploads\/2023\/08\/001-mg-2657-stredni-768x512.jpg 768w, https:\/\/www.sumavskyfotograf.cz\/wp-content\/uploads\/2023\/08\/001-mg-2657-stredni-1536x1024.jpg 1536w, https:\/\/www.sumavskyfotograf.cz\/wp-content\/uploads\/2023\/08\/001-mg-2657-stredni-2048x1365.jpg 2048w, https:\/\/www.sumavskyfotograf.cz\/wp-content\/uploads\/2023\/08\/001-mg-2657-stredni-930x620.jpg 930w\" sizes=\"auto, (max-width: 1024px) 100vw, 1024px\" \/><\/figure>\n\n\n\n<figure class=\"wp-block-image size-large\"><img loading=\"lazy\" decoding=\"async\" width=\"1024\" height=\"683\" data-id=\"89\" src=\"https:\/\/www.sumavskyfotograf.cz\/wp-content\/uploads\/2023\/08\/001-mg-3614-stredni-1024x683.jpg\" alt=\"\" class=\"wp-image-89\" srcset=\"https:\/\/www.sumavskyfotograf.cz\/wp-content\/uploads\/2023\/08\/001-mg-3614-stredni-1024x683.jpg 1024w, https:\/\/www.sumavskyfotograf.cz\/wp-content\/uploads\/2023\/08\/001-mg-3614-stredni-300x200.jpg 300w, https:\/\/www.sumavskyfotograf.cz\/wp-content\/uploads\/2023\/08\/001-mg-3614-stredni-768x512.jpg 768w, https:\/\/www.sumavskyfotograf.cz\/wp-content\/uploads\/2023\/08\/001-mg-3614-stredni-1536x1024.jpg 1536w, https:\/\/www.sumavskyfotograf.cz\/wp-content\/uploads\/2023\/08\/001-mg-3614-stredni-2048x1365.jpg 2048w, https:\/\/www.sumavskyfotograf.cz\/wp-content\/uploads\/2023\/08\/001-mg-3614-stredni-930x620.jpg 930w\" sizes=\"auto, (max-width: 1024px) 100vw, 1024px\" \/><\/figure>\n\n\n\n<figure class=\"wp-block-image size-large\"><img loading=\"lazy\" decoding=\"async\" width=\"1024\" height=\"596\" data-id=\"92\" src=\"https:\/\/www.sumavskyfotograf.cz\/wp-content\/uploads\/2023\/08\/001hw5t2000-stredni-1024x596.jpg\" alt=\"\" class=\"wp-image-92\" srcset=\"https:\/\/www.sumavskyfotograf.cz\/wp-content\/uploads\/2023\/08\/001hw5t2000-stredni-1024x596.jpg 1024w, https:\/\/www.sumavskyfotograf.cz\/wp-content\/uploads\/2023\/08\/001hw5t2000-stredni-300x175.jpg 300w, https:\/\/www.sumavskyfotograf.cz\/wp-content\/uploads\/2023\/08\/001hw5t2000-stredni-768x447.jpg 768w, https:\/\/www.sumavskyfotograf.cz\/wp-content\/uploads\/2023\/08\/001hw5t2000-stredni-1536x894.jpg 1536w, https:\/\/www.sumavskyfotograf.cz\/wp-content\/uploads\/2023\/08\/001hw5t2000-stredni-2048x1193.jpg 2048w\" sizes=\"auto, (max-width: 1024px) 100vw, 1024px\" \/><\/figure>\n\n\n\n<figure class=\"wp-block-image size-large\"><img loading=\"lazy\" decoding=\"async\" width=\"683\" height=\"1024\" data-id=\"96\" src=\"https:\/\/www.sumavskyfotograf.cz\/wp-content\/uploads\/2023\/08\/001hw5t1602-edit-edit-stredni-683x1024.jpg\" alt=\"\" class=\"wp-image-96\" srcset=\"https:\/\/www.sumavskyfotograf.cz\/wp-content\/uploads\/2023\/08\/001hw5t1602-edit-edit-stredni-683x1024.jpg 683w, https:\/\/www.sumavskyfotograf.cz\/wp-content\/uploads\/2023\/08\/001hw5t1602-edit-edit-stredni-200x300.jpg 200w, https:\/\/www.sumavskyfotograf.cz\/wp-content\/uploads\/2023\/08\/001hw5t1602-edit-edit-stredni-768x1152.jpg 768w, https:\/\/www.sumavskyfotograf.cz\/wp-content\/uploads\/2023\/08\/001hw5t1602-edit-edit-stredni-1024x1536.jpg 1024w, https:\/\/www.sumavskyfotograf.cz\/wp-content\/uploads\/2023\/08\/001hw5t1602-edit-edit-stredni-1365x2048.jpg 1365w, https:\/\/www.sumavskyfotograf.cz\/wp-content\/uploads\/2023\/08\/001hw5t1602-edit-edit-stredni-scaled.jpg 1706w\" sizes=\"auto, (max-width: 683px) 100vw, 683px\" \/><\/figure>\n\n\n\n<figure class=\"wp-block-image size-large\"><img loading=\"lazy\" decoding=\"async\" width=\"1024\" height=\"683\" data-id=\"98\" src=\"https:\/\/www.sumavskyfotograf.cz\/wp-content\/uploads\/2023\/08\/001hw5t1316-stni-1024x683.jpg\" alt=\"\" class=\"wp-image-98\" srcset=\"https:\/\/www.sumavskyfotograf.cz\/wp-content\/uploads\/2023\/08\/001hw5t1316-stni-1024x683.jpg 1024w, https:\/\/www.sumavskyfotograf.cz\/wp-content\/uploads\/2023\/08\/001hw5t1316-stni-300x200.jpg 300w, https:\/\/www.sumavskyfotograf.cz\/wp-content\/uploads\/2023\/08\/001hw5t1316-stni-768x512.jpg 768w, https:\/\/www.sumavskyfotograf.cz\/wp-content\/uploads\/2023\/08\/001hw5t1316-stni-1536x1024.jpg 1536w, https:\/\/www.sumavskyfotograf.cz\/wp-content\/uploads\/2023\/08\/001hw5t1316-stni-2048x1365.jpg 2048w, https:\/\/www.sumavskyfotograf.cz\/wp-content\/uploads\/2023\/08\/001hw5t1316-stni-930x620.jpg 930w\" sizes=\"auto, (max-width: 1024px) 100vw, 1024px\" \/><\/figure>\n\n\n\n<figure class=\"wp-block-image size-large\"><img loading=\"lazy\" decoding=\"async\" width=\"1024\" height=\"683\" data-id=\"97\" src=\"https:\/\/www.sumavskyfotograf.cz\/wp-content\/uploads\/2023\/08\/001hw5t1587-stredni-1024x683.jpg\" alt=\"\" class=\"wp-image-97\" srcset=\"https:\/\/www.sumavskyfotograf.cz\/wp-content\/uploads\/2023\/08\/001hw5t1587-stredni-1024x683.jpg 1024w, https:\/\/www.sumavskyfotograf.cz\/wp-content\/uploads\/2023\/08\/001hw5t1587-stredni-300x200.jpg 300w, https:\/\/www.sumavskyfotograf.cz\/wp-content\/uploads\/2023\/08\/001hw5t1587-stredni-768x512.jpg 768w, https:\/\/www.sumavskyfotograf.cz\/wp-content\/uploads\/2023\/08\/001hw5t1587-stredni-1536x1024.jpg 1536w, https:\/\/www.sumavskyfotograf.cz\/wp-content\/uploads\/2023\/08\/001hw5t1587-stredni-2048x1365.jpg 2048w, https:\/\/www.sumavskyfotograf.cz\/wp-content\/uploads\/2023\/08\/001hw5t1587-stredni-930x620.jpg 930w\" sizes=\"auto, (max-width: 1024px) 100vw, 1024px\" \/><\/figure>\n\n\n\n<figure class=\"wp-block-image size-large\"><img loading=\"lazy\" decoding=\"async\" width=\"683\" height=\"1024\" data-id=\"101\" src=\"https:\/\/www.sumavskyfotograf.cz\/wp-content\/uploads\/2023\/08\/001hw5t6726-stredni-683x1024.jpg\" alt=\"\" class=\"wp-image-101\" srcset=\"https:\/\/www.sumavskyfotograf.cz\/wp-content\/uploads\/2023\/08\/001hw5t6726-stredni-683x1024.jpg 683w, https:\/\/www.sumavskyfotograf.cz\/wp-content\/uploads\/2023\/08\/001hw5t6726-stredni-200x300.jpg 200w, https:\/\/www.sumavskyfotograf.cz\/wp-content\/uploads\/2023\/08\/001hw5t6726-stredni-768x1152.jpg 768w, https:\/\/www.sumavskyfotograf.cz\/wp-content\/uploads\/2023\/08\/001hw5t6726-stredni-1024x1536.jpg 1024w, https:\/\/www.sumavskyfotograf.cz\/wp-content\/uploads\/2023\/08\/001hw5t6726-stredni-1365x2048.jpg 1365w, https:\/\/www.sumavskyfotograf.cz\/wp-content\/uploads\/2023\/08\/001hw5t6726-stredni-scaled.jpg 1706w\" sizes=\"auto, (max-width: 683px) 100vw, 683px\" \/><\/figure>\n\n\n\n<figure class=\"wp-block-image size-large\"><img loading=\"lazy\" decoding=\"async\" width=\"1024\" height=\"566\" data-id=\"111\" src=\"https:\/\/www.sumavskyfotograf.cz\/wp-content\/uploads\/2023\/08\/001hw5t2820-stredni-1024x566.jpg\" alt=\"\" class=\"wp-image-111\" srcset=\"https:\/\/www.sumavskyfotograf.cz\/wp-content\/uploads\/2023\/08\/001hw5t2820-stredni-1024x566.jpg 1024w, https:\/\/www.sumavskyfotograf.cz\/wp-content\/uploads\/2023\/08\/001hw5t2820-stredni-300x166.jpg 300w, https:\/\/www.sumavskyfotograf.cz\/wp-content\/uploads\/2023\/08\/001hw5t2820-stredni-768x425.jpg 768w, https:\/\/www.sumavskyfotograf.cz\/wp-content\/uploads\/2023\/08\/001hw5t2820-stredni-1536x850.jpg 1536w, https:\/\/www.sumavskyfotograf.cz\/wp-content\/uploads\/2023\/08\/001hw5t2820-stredni-2048x1133.jpg 2048w\" sizes=\"auto, (max-width: 1024px) 100vw, 1024px\" \/><\/figure>\n\n\n\n<figure class=\"wp-block-image size-large\"><img loading=\"lazy\" decoding=\"async\" width=\"1024\" height=\"683\" data-id=\"112\" src=\"https:\/\/www.sumavskyfotograf.cz\/wp-content\/uploads\/2023\/08\/001-mg-6742-stredni-1024x683.jpg\" alt=\"\" class=\"wp-image-112\" srcset=\"https:\/\/www.sumavskyfotograf.cz\/wp-content\/uploads\/2023\/08\/001-mg-6742-stredni-1024x683.jpg 1024w, https:\/\/www.sumavskyfotograf.cz\/wp-content\/uploads\/2023\/08\/001-mg-6742-stredni-300x200.jpg 300w, https:\/\/www.sumavskyfotograf.cz\/wp-content\/uploads\/2023\/08\/001-mg-6742-stredni-768x512.jpg 768w, https:\/\/www.sumavskyfotograf.cz\/wp-content\/uploads\/2023\/08\/001-mg-6742-stredni-1536x1024.jpg 1536w, https:\/\/www.sumavskyfotograf.cz\/wp-content\/uploads\/2023\/08\/001-mg-6742-stredni-2048x1365.jpg 2048w, https:\/\/www.sumavskyfotograf.cz\/wp-content\/uploads\/2023\/08\/001-mg-6742-stredni-930x620.jpg 930w\" sizes=\"auto, (max-width: 1024px) 100vw, 1024px\" \/><\/figure>\n\n\n\n<figure class=\"wp-block-image size-large\"><img loading=\"lazy\" decoding=\"async\" width=\"1024\" height=\"683\" data-id=\"87\" src=\"https:\/\/www.sumavskyfotograf.cz\/wp-content\/uploads\/2023\/08\/001-mg-2626-stredni-1024x683.jpg\" alt=\"\" class=\"wp-image-87\" srcset=\"https:\/\/www.sumavskyfotograf.cz\/wp-content\/uploads\/2023\/08\/001-mg-2626-stredni-1024x683.jpg 1024w, https:\/\/www.sumavskyfotograf.cz\/wp-content\/uploads\/2023\/08\/001-mg-2626-stredni-300x200.jpg 300w, https:\/\/www.sumavskyfotograf.cz\/wp-content\/uploads\/2023\/08\/001-mg-2626-stredni-768x512.jpg 768w, https:\/\/www.sumavskyfotograf.cz\/wp-content\/uploads\/2023\/08\/001-mg-2626-stredni-1536x1024.jpg 1536w, https:\/\/www.sumavskyfotograf.cz\/wp-content\/uploads\/2023\/08\/001-mg-2626-stredni-2048x1365.jpg 2048w, https:\/\/www.sumavskyfotograf.cz\/wp-content\/uploads\/2023\/08\/001-mg-2626-stredni-930x620.jpg 930w\" sizes=\"auto, (max-width: 1024px) 100vw, 1024px\" \/><\/figure>\n\n\n\n<figure class=\"wp-block-image size-large\"><img loading=\"lazy\" decoding=\"async\" width=\"1024\" height=\"683\" data-id=\"107\" src=\"https:\/\/www.sumavskyfotograf.cz\/wp-content\/uploads\/2023\/08\/001-mg-6531-stredni-1024x683.jpg\" alt=\"\" class=\"wp-image-107\" srcset=\"https:\/\/www.sumavskyfotograf.cz\/wp-content\/uploads\/2023\/08\/001-mg-6531-stredni-1024x683.jpg 1024w, https:\/\/www.sumavskyfotograf.cz\/wp-content\/uploads\/2023\/08\/001-mg-6531-stredni-300x200.jpg 300w, https:\/\/www.sumavskyfotograf.cz\/wp-content\/uploads\/2023\/08\/001-mg-6531-stredni-768x512.jpg 768w, https:\/\/www.sumavskyfotograf.cz\/wp-content\/uploads\/2023\/08\/001-mg-6531-stredni-1536x1024.jpg 1536w, https:\/\/www.sumavskyfotograf.cz\/wp-content\/uploads\/2023\/08\/001-mg-6531-stredni-2048x1365.jpg 2048w, https:\/\/www.sumavskyfotograf.cz\/wp-content\/uploads\/2023\/08\/001-mg-6531-stredni-930x620.jpg 930w\" sizes=\"auto, (max-width: 1024px) 100vw, 1024px\" \/><\/figure>\n\n\n\n<figure class=\"wp-block-image size-large\"><img loading=\"lazy\" decoding=\"async\" width=\"1024\" height=\"683\" data-id=\"114\" src=\"https:\/\/www.sumavskyfotograf.cz\/wp-content\/uploads\/2023\/08\/001hw5t9601-stredni-1024x683.jpg\" alt=\"\" class=\"wp-image-114\" srcset=\"https:\/\/www.sumavskyfotograf.cz\/wp-content\/uploads\/2023\/08\/001hw5t9601-stredni-1024x683.jpg 1024w, https:\/\/www.sumavskyfotograf.cz\/wp-content\/uploads\/2023\/08\/001hw5t9601-stredni-300x200.jpg 300w, https:\/\/www.sumavskyfotograf.cz\/wp-content\/uploads\/2023\/08\/001hw5t9601-stredni-768x512.jpg 768w, https:\/\/www.sumavskyfotograf.cz\/wp-content\/uploads\/2023\/08\/001hw5t9601-stredni-1536x1024.jpg 1536w, https:\/\/www.sumavskyfotograf.cz\/wp-content\/uploads\/2023\/08\/001hw5t9601-stredni-2048x1365.jpg 2048w, https:\/\/www.sumavskyfotograf.cz\/wp-content\/uploads\/2023\/08\/001hw5t9601-stredni-930x620.jpg 930w\" sizes=\"auto, (max-width: 1024px) 100vw, 1024px\" \/><\/figure>\n\n\n\n<figure class=\"wp-block-image size-large\"><img loading=\"lazy\" decoding=\"async\" width=\"1024\" height=\"683\" data-id=\"113\" src=\"https:\/\/www.sumavskyfotograf.cz\/wp-content\/uploads\/2023\/08\/029-mg-2972-edit-stredni-1024x683.jpg\" alt=\"\" class=\"wp-image-113\" srcset=\"https:\/\/www.sumavskyfotograf.cz\/wp-content\/uploads\/2023\/08\/029-mg-2972-edit-stredni-1024x683.jpg 1024w, https:\/\/www.sumavskyfotograf.cz\/wp-content\/uploads\/2023\/08\/029-mg-2972-edit-stredni-300x200.jpg 300w, https:\/\/www.sumavskyfotograf.cz\/wp-content\/uploads\/2023\/08\/029-mg-2972-edit-stredni-768x512.jpg 768w, https:\/\/www.sumavskyfotograf.cz\/wp-content\/uploads\/2023\/08\/029-mg-2972-edit-stredni-1536x1024.jpg 1536w, https:\/\/www.sumavskyfotograf.cz\/wp-content\/uploads\/2023\/08\/029-mg-2972-edit-stredni-2048x1365.jpg 2048w, https:\/\/www.sumavskyfotograf.cz\/wp-content\/uploads\/2023\/08\/029-mg-2972-edit-stredni-930x620.jpg 930w\" sizes=\"auto, (max-width: 1024px) 100vw, 1024px\" \/><\/figure>\n\n\n\n<figure class=\"wp-block-image size-large\"><img loading=\"lazy\" decoding=\"async\" width=\"1024\" height=\"683\" data-id=\"115\" src=\"https:\/\/www.sumavskyfotograf.cz\/wp-content\/uploads\/2023\/08\/074-mg-3231-edit-stredni-1-1024x683.jpg\" alt=\"\" class=\"wp-image-115\" srcset=\"https:\/\/www.sumavskyfotograf.cz\/wp-content\/uploads\/2023\/08\/074-mg-3231-edit-stredni-1-1024x683.jpg 1024w, https:\/\/www.sumavskyfotograf.cz\/wp-content\/uploads\/2023\/08\/074-mg-3231-edit-stredni-1-300x200.jpg 300w, https:\/\/www.sumavskyfotograf.cz\/wp-content\/uploads\/2023\/08\/074-mg-3231-edit-stredni-1-768x512.jpg 768w, https:\/\/www.sumavskyfotograf.cz\/wp-content\/uploads\/2023\/08\/074-mg-3231-edit-stredni-1-1536x1024.jpg 1536w, https:\/\/www.sumavskyfotograf.cz\/wp-content\/uploads\/2023\/08\/074-mg-3231-edit-stredni-1-2048x1365.jpg 2048w, https:\/\/www.sumavskyfotograf.cz\/wp-content\/uploads\/2023\/08\/074-mg-3231-edit-stredni-1-930x620.jpg 930w\" sizes=\"auto, (max-width: 1024px) 100vw, 1024px\" \/><\/figure>\n<\/figure>\n<\/div><\/div>\n","protected":false},"excerpt":{"rendered":"","protected":false},"author":1,"featured_media":0,"parent":0,"menu_order":0,"comment_status":"closed","ping_status":"closed","template":"","meta":{"neve_meta_sidebar":"","neve_meta_container":"","neve_meta_enable_content_width":"on","neve_meta_content_width":100,"neve_meta_title_alignment":"","neve_meta_author_avatar":"","neve_post_elements_order":"","neve_meta_disable_header":"","neve_meta_disable_footer":"","neve_meta_disable_title":"on","footnotes":""},"class_list":["post-11","page","type-page","status-publish","hentry"],"_links":{"self":[{"href":"https:\/\/www.sumavskyfotograf.cz\/index.php\/wp-json\/wp\/v2\/pages\/11","targetHints":{"allow":["GET"]}}],"collection":[{"href":"https:\/\/www.sumavskyfotograf.cz\/index.php\/wp-json\/wp\/v2\/pages"}],"about":[{"href":"https:\/\/www.sumavskyfotograf.cz\/index.php\/wp-json\/wp\/v2\/types\/page"}],"author":[{"embeddable":true,"href":"https:\/\/www.sumavskyfotograf.cz\/index.php\/wp-json\/wp\/v2\/users\/1"}],"replies":[{"embeddable":true,"href":"https:\/\/www.sumavskyfotograf.cz\/index.php\/wp-json\/wp\/v2\/comments?post=11"}],"version-history":[{"count":10,"href":"https:\/\/www.sumavskyfotograf.cz\/index.php\/wp-json\/wp\/v2\/pages\/11\/revisions"}],"predecessor-version":[{"id":116,"href":"https:\/\/www.sumavskyfotograf.cz\/index.php\/wp-json\/wp\/v2\/pages\/11\/revisions\/116"}],"wp:attachment":[{"href":"https:\/\/www.sumavskyfotograf.cz\/index.php\/wp-json\/wp\/v2\/media?parent=11"}],"curies":[{"name":"wp","href":"https:\/\/api.w.org\/{rel}","templated":true}]}}